{"id":39,"date":"2016-06-18T23:09:44","date_gmt":"2016-06-18T23:09:44","guid":{"rendered":"https:\/\/alegriadoamor.wordpress.com\/?page_id=39"},"modified":"2016-06-18T23:09:44","modified_gmt":"2016-06-18T23:09:44","slug":"oracao-diaria","status":"publish","type":"page","link":"https:\/\/alegriadoamor.com\/index.php\/oracao-diaria\/","title":{"rendered":"Ora\u00e7\u00e3o Di\u00e1ria"},"content":{"rendered":"<p>A ora\u00e7\u00e3o di\u00e1ria \u00e9 muito importante. H\u00e1 v\u00e1rios meios de se conseguir uma pr\u00e1tica de ora\u00e7\u00e3o constante. oiuouasdf iuoiusdf oiau sdfoiu aoisud foiaus dfoi ggghvjvjvjvjvjvjv vjvjvjvjv vjvjvbjgv gjldljgjklhgjkl2zkz1vkjbqnkjzvjznkggggffhffgfgffrfgg \u00a0fhfjfjfjgjgjgjgrjjjmg bdhdhdhdhdhedh \u00a0nfnfhfhfhhhrb mxz<\/p>\n<p><iframe loading=\"lazy\" title=\"PASSOS DI\u00c1RIOS by PASSO A REZAR\" width=\"676\" height=\"450\" scrolling=\"no\" frameborder=\"no\" src=\"https:\/\/w.soundcloud.com\/player\/?visual=true&#038;url=https%3A%2F%2Fapi.soundcloud.com%2Fplaylists%2F22741566&#038;show_artwork=true&#038;maxheight=1000&#038;maxwidth=676\"><\/iframe><\/p>\n","protected":false},"excerpt":{"rendered":"<p>A ora\u00e7\u00e3o di\u00e1ria \u00e9 muito importante. H\u00e1 v\u00e1rios meios de se conseguir uma pr\u00e1tica de ora\u00e7\u00e3o constante. oiuouasdf iuoiusdf oiau sdfoiu aoisud foiaus dfoi ggghvjvjvjvjvjvjv vjvjvjvjv vjvjvbjgv gjldljgjklhgjkl2zkz1vkjbqnkjzvjznkggggffhffgfgffrfgg \u00a0fhfjfjfjgjgjgjgrjjjmg bdhdhdhdhdhedh \u00a0nfnfhfhfhhhrb mxz<\/p>\n","protected":false},"author":2,"featured_media":0,"parent":0,"menu_order":0,"comment_status":"closed","ping_status":"closed","template":"","meta":{"footnotes":""},"_links":{"self":[{"href":"https:\/\/alegriadoamor.com\/index.php\/wp-json\/wp\/v2\/pages\/39"}],"collection":[{"href":"https:\/\/alegriadoamor.com\/index.php\/wp-json\/wp\/v2\/pages"}],"about":[{"href":"https:\/\/alegriadoamor.com\/index.php\/wp-json\/wp\/v2\/types\/page"}],"author":[{"embeddable":true,"href":"https:\/\/alegriadoamor.com\/index.php\/wp-json\/wp\/v2\/users\/2"}],"replies":[{"embeddable":true,"href":"https:\/\/alegriadoamor.com\/index.php\/wp-json\/wp\/v2\/comments?post=39"}],"version-history":[{"count":0,"href":"https:\/\/alegriadoamor.com\/index.php\/wp-json\/wp\/v2\/pages\/39\/revisions"}],"wp:attachment":[{"href":"https:\/\/alegriadoamor.com\/index.php\/wp-json\/wp\/v2\/media?parent=39"}],"curies":[{"name":"wp","href":"https:\/\/api.w.org\/{rel}","templated":true}]}}