{"id":48,"date":"2016-06-18T21:52:22","date_gmt":"2016-06-19T00:52:22","guid":{"rendered":"https:\/\/alegriadoamor.wordpress.com\/?page_id=48"},"modified":"2016-06-18T21:52:22","modified_gmt":"2016-06-19T00:52:22","slug":"amoris-laetitia","status":"publish","type":"page","link":"https:\/\/alegriadoamor.com\/index.php\/amoris-laetitia\/","title":{"rendered":"Amoris Laetitia"},"content":{"rendered":"<p>A express\u00e3o em latim &#8220;Amoris Laetitia&#8221; significa, em portugu\u00eas, a Alegria do Amor e foi o nome que o Papa Francisco escolheu para a sua Exorta\u00e7\u00e3o Apost\u00f3lica. Al\u00e9m disso, \u00e9 a fonte de inspira\u00e7\u00e3o deste blog.<\/p>\n<p>Os assuntos que aqui s\u00e3o postados tem rela\u00e7\u00e3o direta ou indireta com ela &#8212; a exorta\u00e7\u00e3o do Papa Francisco &#8212; e, por isso, deixo aqui <strong><a href=\"https:\/\/w2.vatican.va\/content\/francesco\/pt\/apost_exhortations\/documents\/papa-francesco_esortazione-ap_20160319_amoris-laetitia.html\">este\u00a0link<\/a><\/strong> para que voc\u00ea possa conhecer, na fonte, as palavras inspiradoras do Papa.<\/p>\n","protected":false},"excerpt":{"rendered":"<p>A express\u00e3o em latim &#8220;Amoris Laetitia&#8221; significa, em portugu\u00eas, a Alegria do Amor e foi o nome que o Papa Francisco escolheu para a sua Exorta\u00e7\u00e3o Apost\u00f3lica. Al\u00e9m disso, \u00e9 a fonte de inspira\u00e7\u00e3o deste blog. Os assuntos que aqui&#8230; <a class=\"more-link\" href=\"https:\/\/alegriadoamor.com\/index.php\/amoris-laetitia\/\">Continue Reading &rarr;<\/a><\/p>\n","protected":false},"author":2,"featured_media":0,"parent":0,"menu_order":0,"comment_status":"closed","ping_status":"closed","template":"","meta":{"footnotes":""},"_links":{"self":[{"href":"https:\/\/alegriadoamor.com\/index.php\/wp-json\/wp\/v2\/pages\/48"}],"collection":[{"href":"https:\/\/alegriadoamor.com\/index.php\/wp-json\/wp\/v2\/pages"}],"about":[{"href":"https:\/\/alegriadoamor.com\/index.php\/wp-json\/wp\/v2\/types\/page"}],"author":[{"embeddable":true,"href":"https:\/\/alegriadoamor.com\/index.php\/wp-json\/wp\/v2\/users\/2"}],"replies":[{"embeddable":true,"href":"https:\/\/alegriadoamor.com\/index.php\/wp-json\/wp\/v2\/comments?post=48"}],"version-history":[{"count":1,"href":"https:\/\/alegriadoamor.com\/index.php\/wp-json\/wp\/v2\/pages\/48\/revisions"}],"predecessor-version":[{"id":188,"href":"https:\/\/alegriadoamor.com\/index.php\/wp-json\/wp\/v2\/pages\/48\/revisions\/188"}],"wp:attachment":[{"href":"https:\/\/alegriadoamor.com\/index.php\/wp-json\/wp\/v2\/media?parent=48"}],"curies":[{"name":"wp","href":"https:\/\/api.w.org\/{rel}","templated":true}]}}