{"id":7,"date":"2016-06-17T00:54:20","date_gmt":"2016-06-17T03:54:20","guid":{"rendered":"http:\/\/alegriadoamor.wordpress.com\/?page_id=1"},"modified":"2016-06-17T00:54:20","modified_gmt":"2016-06-17T03:54:20","slug":"quemsomos","status":"publish","type":"page","link":"https:\/\/alegriadoamor.com\/index.php\/quemsomos\/","title":{"rendered":"Sobre"},"content":{"rendered":"<p>Sou Aline Lacerda, casada h\u00e1 10 anos com Estev\u00e3o Moreira. Deus nos concedeu a gra\u00e7a de termos 6 filhos&#8230; Se Ele quiser, teremos outros mais! Inspirada pela Exorta\u00e7\u00e3o Apost\u00f3lica &#8220;Amoris Laetitia&#8221;, do Papa Francisco, quero compartilhar aqui experi\u00eancias e reflex\u00f5es vividas e sentidas no cotidiano da minha fam\u00edlia. Espero contribuir para fazer crescer, no mundo, a alegria do Amor!<\/p>\n<p><img loading=\"lazy\" decoding=\"async\" src=\"https:\/\/alegriadoamor.com\/wp-content\/uploads\/2019\/05\/img-20181226-wa0056-11315618533.jpg\" class=\"wp-image-172 alignnone size-full\" width=\"1280\" height=\"854\" srcset=\"https:\/\/alegriadoamor.com\/wp-content\/uploads\/2019\/05\/img-20181226-wa0056-11315618533.jpg 1280w, https:\/\/alegriadoamor.com\/wp-content\/uploads\/2019\/05\/img-20181226-wa0056-11315618533-300x200.jpg 300w, https:\/\/alegriadoamor.com\/wp-content\/uploads\/2019\/05\/img-20181226-wa0056-11315618533-1024x683.jpg 1024w, https:\/\/alegriadoamor.com\/wp-content\/uploads\/2019\/05\/img-20181226-wa0056-11315618533-768x512.jpg 768w\" sizes=\"(max-width: 1280px) 100vw, 1280px\" \/><\/p>\n","protected":false},"excerpt":{"rendered":"<p>Sou Aline Lacerda, casada h\u00e1 10 anos com Estev\u00e3o Moreira. Deus nos concedeu a gra\u00e7a de termos 6 filhos&#8230; Se Ele quiser, teremos outros mais! Inspirada pela Exorta\u00e7\u00e3o Apost\u00f3lica &#8220;Amoris Laetitia&#8221;, do Papa Francisco, quero compartilhar aqui experi\u00eancias e reflex\u00f5es&#8230; <a class=\"more-link\" href=\"https:\/\/alegriadoamor.com\/index.php\/quemsomos\/\">Continue Reading &rarr;<\/a><\/p>\n","protected":false},"author":2,"featured_media":172,"parent":0,"menu_order":0,"comment_status":"open","ping_status":"closed","template":"","meta":{"footnotes":""},"_links":{"self":[{"href":"https:\/\/alegriadoamor.com\/index.php\/wp-json\/wp\/v2\/pages\/7"}],"collection":[{"href":"https:\/\/alegriadoamor.com\/index.php\/wp-json\/wp\/v2\/pages"}],"about":[{"href":"https:\/\/alegriadoamor.com\/index.php\/wp-json\/wp\/v2\/types\/page"}],"author":[{"embeddable":true,"href":"https:\/\/alegriadoamor.com\/index.php\/wp-json\/wp\/v2\/users\/2"}],"replies":[{"embeddable":true,"href":"https:\/\/alegriadoamor.com\/index.php\/wp-json\/wp\/v2\/comments?post=7"}],"version-history":[{"count":0,"href":"https:\/\/alegriadoamor.com\/index.php\/wp-json\/wp\/v2\/pages\/7\/revisions"}],"wp:featuredmedia":[{"embeddable":true,"href":"https:\/\/alegriadoamor.com\/index.php\/wp-json\/wp\/v2\/media\/172"}],"wp:attachment":[{"href":"https:\/\/alegriadoamor.com\/index.php\/wp-json\/wp\/v2\/media?parent=7"}],"curies":[{"name":"wp","href":"https:\/\/api.w.org\/{rel}","templated":true}]}}